*q + 10947598. Determine n(-600).
-2
Let m(x) = x**2 + 5547*x - 507302. Give m(90).
28
Let g(d) = 722*d + 39747. What is g(-55)?
37
Let z(l) = -l**3 - 262*l**2 - 3935*l + 43. Calculate z(-16).
27
Let l(h) = 4*h**2 + 42044*h - 210312. Give l(5).
8
Let l(z) = z**3 + 7*z**2 + 30*z + 71. Give l(-4).
-1
Let q(x) = 3*x**3 - 671*x**2 - 192*x - 7189. Determine q(224).
-21
Let w(y) = y**3 + 59*y**2 - 130*y - 515. What is w(-61)?
-27
Let t(n) = n**3 - 97*n**2 - 290*n - 778. Give t(100).
222
Let v(o) = 152*o - 5157. Calculate v(36).
315
Let s(u) = -521762*u + 31305716. Calculate s(60).
-4
Let j(u) = u**3 - 19*u**2 - 193*u + 3567. What is j(21)?
396
Let h(f) = 2*f**3 + 6*f**2 + 1329*f + 7939. Give h(-6).
-251
Let a(j) = -j**3 - 4*j**2 + 423*j + 1685. Give a(-4).
-7
Let z(v) = 75*v - 1175. Give z(24).
625
Let b(z) = 11435*z + 731833. Determine b(-64).
-7
Let h(m) = 1219*m - 419372. Calculate h(344).
-36
Let h(w) = 13062*w - 10424. Calculate h(1).
2638
Let r(o) = 2*o**2 + 2855*o - 66623. Determine r(23).
100
Let a(u) = -4*u**3 + 189*u**2 + 1978*u - 1055. Give a(56).
-47
Let l(c) = -2*c**3 - 999*c**2 - 6471*c - 30571. What is l(-493)?
-5
Let j(i) = 4*i**2 - 16*i - 727. Calculate j(-12).
41
Let l(i) = -3*i**2 - 95*i + 3636. What is l(24)?
-372
Let n(q) = 6*q**3 - 134*q**2 + 26*q - 34. Determine n(22).
-430
Let f(x) = 581*x + 1376. Determine f(-5).
-1529
Let m(x) = -x**3 + 41*x**2 - 110*x + 2460. Determine m(40).
-340
Let d(t) = -8*t**2 + 230*t + 2791. Determine d(38).
-21
Let q(c) = 3*c**2 - 214*c + 3312. Calculate q(22).
56
Let z(s) = s**3 + 86*s**2 + 416*s + 13881. Calculate z(-83).
20
Let h(r) = -5*r**2 + 39*r + 363. What is h(16)?
-293
Let f(s) = -s**3 - s**2 + 102*s + 8. What is f(-11)?
96
Let h(o) = -11*o**3 - o**2 + 12*o + 15. Calculate h(-1).
13
Let t(i) = -123*i - 23185. Calculate t(-188).
-61
Let y(m) = 2714*m - 81341. Calculate y(30).
79
Let a(p) = 48458*p - 1114533. Calculate a(23).
1
Let g(p) = -19*p**3 - 14*p**2 + 57*p + 143. Calculate g(-4).
907
Let g(p) = 189*p + 825. Calculate g(0).
825
Let r(g) = -23*g**2 - 3310*g - 226. Calculate r(-144).
-514
Let r(s) = 4*s**2 + 11128*s - 22248. Determine r(2).
24
Let c(z) = -7*z**3 - 15*z**2 + 45. What is c(-6)?
1017
Let d(f) = -3*f**2 + 1817*f - 26643. Give d(15).
-63
Let i(v) = 7*v**2 - 8735*v - 213672. Determine i(-24).
0
Let o(v) = -2*v**2 + 131*v - 902. Give o(58).
-32
Let c(r) = r**3 - 154*r**2 - 1622*r - 2925. Determine c(164).
27
Let y(n) = 7*n**2 + 933*n + 3630. What is y(-4)?
10
Let h(g) = -54*g + 1. What is h(-133)?
7183
Let j(z) = -12*z**2 - 1039*z - 15549. Give j(-19).
-140
Let p(b) = -b**3 + 174*b**2 + 24094*b + 5576. Determine p(265).
11
Let o(m) = -m**2 - 2582*m - 885216. Determine o(-407).
9
Let q(j) = 6*j**2 - 487*j - 1786. What is q(80)?
-2346
Let n(u) = -u**3 - 36*u**2 + 219*u + 8829. What is n(-34)?
-929
Let b(l) = 12008*l + 7829234. Give b(-652).
18
Let j(o) = 14*o**3 + 20*o**2 - 143*o + 13. Calculate j(6).
2899
Let u(f) = f**2 - 637*f - 21643. What is u(-33)?
467
Let a(f) = 518*f**3 + 5696*f**2 - 18*f + 6. Determine a(-11).
-38
Let f(a) = 1917*a - 224240. What is f(117)?
49
Let z(l) = 17925*l - 1254749. What is z(70)?
1
Let p(m) = -2*m**3 - 159*m**2 + 221*m - 1763. Give p(-81).
19
Let n(i) = i**3 + 36*i**2 + 223*i + 1176. Determine n(-30).
-114
Let q(l) = -3*l**3 + 74*l**2 - 15*l + 394. Determine q(24).
1186
Let d(z) = 38*z**2 - 5103*z + 1646. Calculate d(134).
172
Let z(q) = -11459*q + 194409. Give z(17).
-394
Let r(i) = -3*i**2 - 1961*i - 320389. Determine r(-323).
27
Let g(v) = 8605*v + 111745. What is g(-13)?
-120
Let o(l) = -l**3 - 8*l**2 + 129*l + 607. What is o(-5)?
-113
Let y(t) = -138119*t - 690621. Determine y(-5).
-26
Let a(i) = 289443*i - 1736636. Determine a(6).
22
Let m(d) = 1905*d + 29066. Give m(-15).
491
Let w(n) = 3376*n - 192280. Calculate w(57).
152
Let a(b) = -164*b**2 - 283*b + 6044. Give a(-7).
-11
Let f(d) = -8*d**2 + 689*d - 100. Determine f(86).
-14
Let f(a) = -13543*a - 2803394. Determine f(-207).
7
Let o(f) = -f**3 + 33*f**2 - 159*f - 317. What is o(7)?
-156
Let v(o) = 3099*o - 5384. What is v(3)?
3913
Let j(t) = 5*t**2 + 511*t + 6472. Determine j(-90).
982
Let o(p) = -p**3 - 1763*p**2 + 26*p + 45841. What is o(-1763)?
3
Let l(h) = -h**3 - 39*h**2 - 242*h + 218. Determine l(-10).
-262
Let g(c) = 107*c + 5160. Give g(-52).
-404
Let r(a) = 272*a - 33501. Determine r(123).
-45
Let y(f) = 4*f**3 - 56*f**2 + 5*f + 60. Determine y(14).
130
Let m(y) = 267*y**2 + 13867*y - 1191. What is m(-52)?
-307
Let c(i) = -i**3 - 6*i**2 - 59*i - 397. Determine c(-8).
203
Let y(p) = p**2 + 134*p - 2603. What is y(-149)?
-368
Let p(b) = 110*b**3 + 25525*b**2 + 1162*b + 471. Calculate p(-232).
7
Let g(h) = 2*h**3 - 789*h**2 + 467*h - 28672. Give g(394).
90
Let k(m) = 90*m**2 + 2885*m + 2963. Calculate k(-31).
18
Let z(y) = -4671*y - 191388. What is z(-41)?
123
Let j(t) = -15*t**2 + 2198*t - 21489. Give j(136).
-1
Let f(n) = 44*n**3 + 197*n**2 + 66*n + 122. Give f(-4).
194
Let y(i) = -26168*i - 497220. What is y(-19)?
-28
Let y(k) = -3*k**2 + 75354*k - 452072. What is y(6)?
-56
Let y(c) = 8523*c - 7738896. Calculate y(908).
-12
Let l(z) = z**2 - 3992*z + 31811. Determine l(8).
-61
Let x(m) = -772*m + 165210. Calculate x(214).
2
Let s(t) = -128*t**2 - 2965*t - 8159. Give s(-20).
-59
Let k(b) = -11780*b + 4052349. Determine k(344).
29
Let w(z) = 7*z**3 + 46*z**2 + 70*z + 9. What is w(-4)?
17
Let y(l) = 7*l**3 - 11*l**2 + 8*l - 47. Calculate y(-6).
-2003
Let n(m) = -2*m**3 + 234*m**2 - 243*m + 1239. What is n(116)?
-37
Let o(d) = d**3 + 211*d**2 + 1316*d + 277670. Determine o(-211).
-6
Let t(j) = j**3 - 153*j**2 + 24*j - 2970. What is t(153)?
702
Let i(y) = -y**2 - 672*y + 523905. Give i(462).
-3
Let j(s) = -185*s**3 - 12764*s**2 + 70*s - 14. Calculate j(-69).
-83
Let c(k) = -9*k**3 + 5*k**2 - 2521*k - 7548. Calculate c(-3).
303
Let n(t) = -10*t**2 - 8255*t - 49520. Determine n(-6).
-350
Let d(a) = 11*a**3 + 253*a**2 + 2238*a + 51474. Calculate d(-23).
0
Let x(n) = 401*n + 15455. Calculate x(-29).
3826
Let q(w) = -16554*w - 8127982. Give q(-491).
32
Let f(i) = -4*i**3 - 391*i**2 - 278*i + 950. Calculate f(-97).
-311
Let s(l) = 6*l**2 + 698*l - 266. Determine s(-116).
-498
Let g(n) = 5*n**2 - 154*n - 298. Determine g(15).
-1483
Let r(c) = -c**3 - c**2 + 17*c - 327. Give r(-8).
-15
Let x(d) = 3*d**3 + 96*d**2 + 409*d + 167. Calculate x(-27).
59
Let l(g) = -47*g**3 - 942*g**2 - 719*g - 13595. What is l(-20)?
-15
Let f(s) = -11468*s - 23236. Give f(-2).
-300
Let r(p) = 2068*p + 194396. Calculate r(-94).
4
Let m(b) = -10*b**2 + 1090*b + 5436. Give m(-5).
-264
Let b(y) = -278*y - 44429. Calculate b(-160).
51
Let w(s) = 573*s + 245221. What is w(-428)?
-23
Let y(w) = 3*w**3 + 347*w**2 + 2022*w + 165533. Calculate y(-114).
5
Let w(l) = -12394*l - 768086. Give w(-62).
342
Let u(b) = 1979*b + 29699. Determine u(-15).
14
Let i(v) = -5*v**2 - 180522*v + 361051. Calculate i(2).
-13
Let o(x) = 2*x**2 - 334*x + 10546. What is o(32)?
1906
Let u(r) = 2327*r + 523. What is u(2)?
5177
Let k(x) = -26*x**3 - 74*x**2 - 47*x + 10. What is k(-2)?
16
Let r(m) = -3*m**3 - 40*m**2 - 113*m + 142. What is r(-6)?
28
Let y(z) = -2*z**3 - 18*z**2 - 300*z - 3207. Calculate y(-11).
577
Let l(g) = -1245*g - 28627. Calculate l(-23).
8
Let u(s) = 3*s**3 - 215*s**2 + 2*s - 313. What is u(0)?
-313
Let p(u) = 21*u**2 - 7531*u + 19584. Give p(356).
4
Let z(b) = -37248*b - 186248. Determine z(-5).
-8
Let c(d) = d**3 - 3*d**2 + 31*d + 469. Calculate c(-6).
-41
Let t(s) = -3*s**3 - 19*s**2 - 6*s + 33. What is t(-6)?
33
Let p(y) = -8*y**2 - 26054*y - 78167. Give p(-3).
-77
Let u(d) = 5*d**3 + 354*d**2 - 3053*d - 842. Give u(8).
-50
Let z(k) = -14*k**2 + 7614*k + 70812. What is z(553)?
28
Let x(p) = 2*p**2 - 1538*p + 62530. Calculate x(43).
94
Let i(b) = 9*b**3 - b**2 - 2806*b + 8428. Calculate i(3).
244
Let b(w) = 145*w**2 + 9272*w - 519. Determine b(-64).
-7
Let h(t) = -3*t**2 - 53*t - 259. What is h(-16)?
-179
Let m(z) = -z**2 + 784*z - 7760. Calculate m(10).
-20
Let i(c) = 334004*c + 2004036. Give i(-6).
12
Let z(n) = 706*n**2 - 287*n - 281. Determine z(-1).
712
Let q(g) = -g**3 + 70*g**2 + 24*g - 1082. What is q(-4)?
6
Let y(m) = -1517*m + 25691. Calculate y(17).
-98
Let x(k) = -73*k**3 + 513*k**2 + 6*k - 53. Determi